{"id":530,"date":"2025-10-08T18:39:45","date_gmt":"2025-10-08T16:39:45","guid":{"rendered":"https:\/\/eventgang.sk\/portfolio\/nezapomenutelny-novy-rok-pro-mesto-zilina\/"},"modified":"2025-10-14T10:28:08","modified_gmt":"2025-10-14T08:28:08","slug":"nezapomenutelny-novy-rok-pro-mesto-zilina","status":"publish","type":"portfolio","link":"https:\/\/eventgang.sk\/cs\/portfolio\/nezapomenutelny-novy-rok-pro-mesto-zilina\/","title":{"rendered":"Nezapomenuteln\u00fd nov\u00fd rok pro m\u011bsto \u017dilina"},"content":{"rendered":"","protected":false},"featured_media":537,"template":"","categories":[],"tags":[],"class_list":["post-530","portfolio","type-portfolio","status-publish","has-post-thumbnail","hentry"],"acf":[],"aioseo_notices":[],"_links":{"self":[{"href":"https:\/\/eventgang.sk\/cs\/wp-json\/wp\/v2\/portfolio\/530","targetHints":{"allow":["GET"]}}],"collection":[{"href":"https:\/\/eventgang.sk\/cs\/wp-json\/wp\/v2\/portfolio"}],"about":[{"href":"https:\/\/eventgang.sk\/cs\/wp-json\/wp\/v2\/types\/portfolio"}],"wp:featuredmedia":[{"embeddable":true,"href":"https:\/\/eventgang.sk\/cs\/wp-json\/wp\/v2\/media\/537"}],"wp:attachment":[{"href":"https:\/\/eventgang.sk\/cs\/wp-json\/wp\/v2\/media?parent=530"}],"wp:term":[{"taxonomy":"category","embeddable":true,"href":"https:\/\/eventgang.sk\/cs\/wp-json\/wp\/v2\/categories?post=530"},{"taxonomy":"post_tag","embeddable":true,"href":"https:\/\/eventgang.sk\/cs\/wp-json\/wp\/v2\/tags?post=530"}],"curies":[{"name":"wp","href":"https:\/\/api.w.org\/{rel}","templated":true}]}}

Nezapomenutelný nový rok pro město Žilina
